 0*k = -148. Suppose 0 = -5*z - 5 + y. What is the units digit of z?
5
Let m = 628 + 830. What is the hundreds digit of m?
4
Let t = -23 + 26. Suppose t*m - 18 = -2*v, v + 3*m + 57 = 4*v. What is the tens digit of v?
1
Suppose 3*j = 4*m - 17, 5*m - j = -0*j + 24. Suppose m*f + 97 = 327. What is the tens digit of f?
4
Let f(p) = -4 - 3*p - p**3 + 2*p - 2*p**2 + 0*p. Let x be f(-3). Suppose x = 3*j - 1. What is the units digit of j?
3
Suppose r + 20 = -4*r. What is the units digit of (3/6)/(r/(-56))?
7
Suppose -65200 = -98*c + 73*c. What is the hundreds digit of c?
6
Suppose -2*f = -n - 4*n - 94, 0 = -2*n - 3*f - 49. What is the tens digit of (-5)/(n/112) - -1?
2
Let n = 776 + -354. What is the tens digit of n?
2
Suppose f + 4 = -3*j, -j - 2*f - 3 = 5. Suppose 3*u + j*n + 114 = -3*n, 4*n = 0. Let o = -18 - u. What is the units digit of o?
0
Let a(t) = -t**2 + 19*t - 26. Let x be a(16). Let g(h) = -7*h + 1. Let p be g(1). Let z = x - p. What is the units digit of z?
8
Let g be -26*((-2)/4)/(4/(-4)). Let y = 35 - g. What is the tens digit of y?
4
Let s(k) = -196*k - 362. What is the units digit of s(-9)?
2
Suppose 0 = -3*q + 2*p - 4*p + 8, 5*p - 20 = -4*q. Let v be (q - (0 + -2))/1. Suppose 5*n = v*c + c + 75, 15 = n - 5*c. What is the tens digit of n?
1
Let h(c) = -14*c + 14. Let i be (-160)/200*-1*25/(-1). What is the tens digit of h(i)?
9
Let i(f) = -3*f**3 - 48*f**2 - 7*f - 21. What is the hundreds digit of i(-17)?
9
What is the hundreds digit of 115*11/(385/196)?
6
Let x = -597 + 1306. What is the tens digit of x?
0
Let q be (2/1 + -3)*-1. Suppose -7 = -s - q. Suppose 267 - 69 = s*j. What is the units digit of j?
3
Suppose f = 5*b - 4*f - 10485, b + 2*f = 2091. What is the units digit of b?
5
Suppose 142*u = 139*u - 57. Let f be (36 - 4) + -2*1. Let v = f - u. What is the units digit of v?
9
Let w = -95 + 235. What is the tens digit of w?
4
Suppose 269*t = 272*t - 2214. What is the tens digit of t?
3
Let q be (-6 - -7)/(2/50). Let x be 10/q - (-18)/5. Let w(i) = i**3 - 4*i**2 + i + 4. What is the units digit of w(x)?
8
Suppose -3*r = -t + 11, -3*t + 6*r = r - 29. Suppose 5*h - 7*h = -t. Suppose -3*i + p = -3, 4*p + 1 = h*i - 3. What is the units digit of i?
1
Suppose -2*n + 208 = 4*c, n - 44 = -5*c + 48. Suppose -3*i + 106 + n = o, -3*o = -15. What is the units digit of i?
1
Let i = -305 - -330. What is the units digit of i?
5
Let j(q) = 3*q**3 - 4*q**2 + 4*q + 14. Let u = 10 - 6. Let z(s) = -s**3 + s**2 - s - 5. Let k(f) = u*j(f) + 11*z(f). What is the tens digit of k(5)?
2
Suppose 5*s = -4*t + 1479, 3*t + 6 + 6 = 0. What is the tens digit of s?
9
Suppose -2*w - 2*u + 20 = 0, 3*u = w + 4*w - 74. Suppose 0 = -5*c - 2*c + 119. Let s = c + w. What is the tens digit of s?
3
Let n be -2 - (-1 + 2 + 1) - 0. Let z(f) = 3*f + 5. Let h be z(-4). Let j = n - h. What is the units digit of j?
3
Let b(g) = g**2 - 3*g + 4. Let o be b(2). Suppose 5*l + 2*h + h = -277, o*l + 86 = 5*h. Let j = l + 75. What is the units digit of j?
2
Let d be 10 - (30/18 + (-1)/(-3)). Suppose -380 = -4*z - z. Let w = z - d. What is the tens digit of w?
6
Let a = 131 - -20. What is the tens digit of a?
5
Suppose 2*g - 98 = -0*g. Suppose 0 = 7*o - 8*o + g. Suppose -o + 169 = 3*u. What is the units digit of u?
0
Let u(f) = f**2 - 8. Let g(j) be the third derivative of -j**4/24 - j**3/2 - 6*j**2. Let w be g(3). What is the tens digit of u(w)?
2
Let q(h) = -h**3 + 6*h**2 + 37*h - 14. What is the hundreds digit of q(-11)?
6
Let l = -246 - -479. What is the units digit of l?
3
Suppose 0 = -5*p - 0*p. Suppose -4*g - 5*k + 0*k = 68, -k = p. What is the units digit of (g - -18)*(24 - 0)?
4
Let o(w) = 2*w**2 + 54*w + 408. What is the tens digit of o(-47)?
8
Let s = 75 + 1117. What is the tens digit of s?
9
Let p = -31 - -21. Let j = 108 + -96. Let z = j - p. What is the units digit of z?
2
Let h = 394 + 14. What is the hundreds digit of h?
4
Let f be (-5)/3 - (-1)/(-3). Let a be (27/6)/(f/(-4)). Let i = 4 + a. What is the units digit of i?
3
Let w(c) = -2*c**3 - 5*c**2 - 2*c + 4. Let f(s) = -s**3 + 10*s**2 - s - 5. Let o be f(10). Let a = o - -11. What is the tens digit of w(a)?
6
Suppose 27*g - 33*g + 2442 = 0. What is the units digit of g?
7
Suppose 0*x + z - 8 = 2*x, -x + 3*z - 9 = 0. Let f = 14 - x. Let v = 26 - f. What is the units digit of v?
9
What is the tens digit of (-2155)/(-20) + ((-51)/(-12) - 4)?
0
Let m = -349 + 2020. What is the units digit of m?
1
Suppose -4*b = -g + 12, -6*g + 2*b = -3*g - 6. Suppose 4*q - 6*q + 344 = g. What is the tens digit of q?
7
Suppose 5*m = -2*m + 4431. What is the tens digit of m?
3
Suppose 5*j = j - 3*a + 19, -a = 4*j - 17. What is the hundreds digit of 319/2 + j + 3/2?
1
Let q(n) = n**3 - n**2 + 3*n + 3. Let k be q(0). Let v(u) = 35*u - 12. What is the tens digit of v(k)?
9
What is the tens digit of -2 - ((-4)/(-4) + -93)?
9
Let r(p) = p**2 - 9*p - 32. Let u be r(21). Suppose a - 5*s - 35 = u, -5*s + 685 = 3*a. What is the units digit of a?
5
Let o(i) = -1435*i + 628. What is the units digit of o(-3)?
3
Suppose 0 = -5*l - 3*p - 94, l - 2*p + 62 = -3*l. Let c = -10 - l. What is the units digit of c?
7
Let l(f) be the second derivative of f**4/6 + f**3/6 + 28*f**2 + 30*f + 2. Suppose 4*i = 6*i. What is the units digit of l(i)?
6
Let u(v) = -5*v**2 + 4*v - 10. Let w be u(5). Let y = w + 171. What is the units digit of y?
6
Suppose l = -4*l - 2205. Let d = -309 - l. What is the units digit of d?
2
Suppose 156*h - 155*h - 760 = 0. What is the units digit of h?
0
Let s = -66 + 198. Suppose 4*y - s = -4*l, l + 3*y = -l + 65. What is the units digit of l?
4
Let j be (-1228)/14 + 24/(-84). Let u = -46 - j. What is the units digit of u?
2
What is the hundreds digit of (-1 - 578/10)/((-10)/25)?
1
Let y(k) = 1 + k - 5*k - 2*k - 4*k + 2*k**2. What is the units digit of y(8)?
9
Let d(q) = -6*q. Let u = -5 + -1. Let x(g) = 2*g + 9. Let p be x(u). What is the units digit of d(p)?
8
Let n(q) = 2*q**3 + 9*q**2 + 9*q + 20. Let a be n(-4). Suppose 0 = 3*i + 3*m - 714, a = 2*i - 3*m - 388 - 88. What is the units digit of i?
8
Let m = 1626 + -1032. What is the hundreds digit of m?
5
Suppose 5*g - 1332 = -j, 102*j - 101*j - 1344 = -2*g. What is the units digit of j?
2
Suppose -30 - 95 = 5*z - 4*k, 2*z - 3*k = -43. Let m = z - -53. What is the units digit of m?
4
Let b = 11 + -18. Let n(g) = -g**2 + g + 1. Let i(f) = -3*f**2 - 7*f - 1. Let y(s) = i(s) - 2*n(s). What is the tens digit of y(b)?
1
Let m = 6575 + -2116. What is the tens digit of m?
5
Suppose -5*v - 3*u + 3160 = 0, 3200 = 3*v + 2*v - 5*u. What is the units digit of v?
5
Let q(o) be the second derivative of 7*o**3/6 + 5*o**2/2 + 57*o - 1. Let m = -7 + 12. What is the tens digit of q(m)?
4
Suppose 1254 = s + 2*s + 2*f, -2071 = -5*s + 3*f. What is the units digit of s?
6
Suppose 4*q - 28 = -8. Suppose 315 = 5*m + q. What is the units digit of m?
2
What is the tens digit of 6/(-16) - (-37410)/48?
7
Let c(t) = -t**3 + t**2 - t + 1. Let x be c(0). Suppose x + 2 = o. Suppose o*q = 9 - 0. What is the units digit of q?
3
Suppose 6*j = 11*j. Suppose 2*a - 2*b - 16 = 0, 4*a - 22 = -j*a + 2*b. Suppose 2*g + 4*z + 2 = 0, a*g - 5*z - 34 = g. What is the units digit of g?
7
Let l be 7/(-14)*2*-9. Let u = 21 + 3. Let n = u - l. What is the tens digit of n?
1
Let c = 1978 - -234. What is the hundreds digit of c?
2
Suppose -5*y + 5*u = -3745, 0 = -4*y + u + 1958 + 1038. What is the tens digit of y?
4
Let x(y) be the first derivative of y**4/4 + 11*y**3/3 + 9*y**2/2 + 11*y + 10. What is the tens digit of x(-8)?
3
Let c = -11 + 14. Suppose -350 = -c*y - 4*s, 3*s + 4 = 5*s. What is the tens digit of y?
1
Let r(x) = -6*x**3 - 7*x**2 + 6 + 7*x**3 - 2 - x**2 + 6*x. What is the units digit of r(9)?
9
Let i(c) = c**2 + 6*c - 16. Let g be i(-11). Let l = 94 - g. What is the tens digit of l?
5
Let j(k) be the third derivative of -k**6/120 + k**4/24 - 49*k**3/6 - 8*k**2. Let w be j(0). Let g = 87 + w. What is the units digit of g?
8
What is the units digit of 1100/6 + -10 + 290/30?
3
Let u(t) = 2*t**3 + 3*t**2 - 9*t - 12. What is the tens digit of u(8)?
3
Let f = 0 + 15. Suppose f*t = 10*t. Suppose t = -3*i + 7*i, 4*b + 4*i - 104 = 0. What is the tens digit of b?
2
Let h be 5/(2 + 8)*6. Suppose 7*l - a = 2*l + 282, 118 = 2*l -